ppose -3*g - u + 103 = -110, 4*g + u = 285. What is the greatest common divisor of g and 204?
12
Suppose -4 = -4*l + 4*h, 0*h - h = 5. Let r be l/(-3) + 99/27. What is the greatest common divisor of 35 and r?
5
Suppose -2*y + k + 0*k = -384, -5*k = -2*y + 384. Suppose -25*m - 3*l = -22*m - 63, -3*m - 4*l + 60 = 0. Calculate the greatest common factor of m and y.
24
Suppose -25 - 507 = -14*t. Calculate the highest common factor of 2 and t.
2
Suppose 2*n - 26 = -2*p, -p = 3*n - 52 + 19. Let t = 9 - 9. Suppose x - 102 = -h + 3*x, t = h + 3*x - 122. Calculate the highest common factor of n and h.
10
Let n(r) = -r + 12. Let y be n(7). Suppose j - y = -2. Let a be j*12*30/9. Calculate the highest common divisor of 15 and a.
15
Let g(c) = -c**2 - 8*c - 7. Let u be g(-5). Suppose 0 = u*d + 333 - 2909. Calculate the highest common factor of 46 and d.
46
Suppose 0 = 4*u - 2*b - 164, -19*u - 41 = -20*u + 2*b. What is the greatest common factor of u and 369?
41
Let b be (-1)/(-2) + 1/(-2). Suppose v + 1 - 2 = b. Let h = -61 - -70. What is the greatest common divisor of v and h?
1
Let s(n) = -n**3 + n - 21. Let g be s(-7). Calculate the greatest common divisor of g and 35.
35
Let w = 608 - 519. Calculate the highest common factor of w and 267.
89
Suppose 2*m - 4*p = 68, 2*m - 3*p - 2*p - 73 = 0. Calculate the greatest common factor of 744 and m.
24
Suppose -3*y - 26 + 38 = 0. Calculate the highest common factor of 20 and y.
4
Let v be 5/((-75)/(-88)) + (-2)/(-15). Calculate the highest common divisor of v and 123.
3
Let z = 634 + -597. What is the highest common factor of z and 111?
37
Let r(z) be the first derivative of z**4/4 + 19*z**3/3 + 19*z**2/2 + 21*z - 8. Let h be r(-18). What is the highest common divisor of 15 and h?
3
Suppose -2*r = 5*o + 15 - 41, 5*r = -10. What is the highest common divisor of 258 and o?
6
Suppose 0 = 3*o - o. Suppose x + 2*h + 62 = o, 0 - 1 = h. Let m = 92 + x. Calculate the highest common factor of 4 and m.
4
Let z = 27 - 9. Let y(f) be the second derivative of f**4/6 - f**3/6 + 3*f**2 + 3*f. Let v be y(6). Calculate the greatest common factor of z and v.
18
Suppose -3*p = i - 138, 9*p = -4*i + 8*p + 574. What is the greatest common factor of 45 and i?
9
Let w = 48 + -28. Suppose 22*i - 42*i + 14*i + 960 = 0. Calculate the greatest common factor of i and w.
20
Let y be 3/(-15) - -1*4/20. Suppose -a - 20 = 8*f - 3*f, -3*a + 2*f + 25 = y. Suppose 0 = 3*v - v - 20. Calculate the highest common factor of a and v.
5
Let h = -240 - -244. What is the greatest common factor of 16 and h?
4
Suppose -v - 2 = -2*a, 4*a + 0 = -4*v + 4. Let o be 3 + (0 + v - -1). What is the greatest common divisor of 4 and o?
4
Suppose -5*n + 3*n = 6, 2*g + n - 47 = 0. What is the highest common divisor of 80 and g?
5
Let v = 2 - 0. Suppose -o - t = -2 - 48, v*o = -4*t + 104. What is the greatest common factor of 12 and o?
12
Suppose 0 = 116*q - 102*q - 168. Suppose -76 = -4*x + 44. Calculate the greatest common factor of q and x.
6
Let t = -1799 + 1812. Suppose -y = 2*o - 22, 6*o - 3*o - 59 = 5*y. What is the greatest common divisor of t and o?
13
Let n(r) = 2*r**2 + 42*r - 42. Let g be n(1). Let d be 10/2*126/15. What is the greatest common factor of g and d?
2
Let w(d) = d**3 + 14*d**2 + 20*d - 38. Let l be w(-11). What is the highest common divisor of 15 and l?
15
Let i(v) = -v**3 - 14*v**2 - 16*v - 9. Let x be i(-13). Suppose c - 17 = -g, -2*g = -c - 3*c + 86. What is the highest common divisor of c and x?
10
Suppose -17701 = -39*q - 1672. What is the highest common divisor of 6 and q?
3
Let b(x) = 7*x**2 + 42*x + 38. Let l be b(-5). Calculate the greatest common factor of l and 141.
3
Suppose 0 = -6*t + 33*t - 3240. Let b = -15 - -30. Calculate the greatest common divisor of b and t.
15
Suppose -98 = 4*t - 2*t. Let u = t - -69. Let l = -1819 + 1824. Calculate the greatest common factor of l and u.
5
Suppose 0*w + 3*w = 30. Suppose 5*p = -w, g - 14 = -2*g - 2*p. What is the highest common factor of g and 21?
3
Suppose -2*u + 11 = -103. Let r be 16 + 2 - (-1)/3*3. Calculate the greatest common factor of r and u.
19
Let v = 11 + -29. Let p = v - -78. Suppose q = 5*q - p. Calculate the highest common divisor of 120 and q.
15
Suppose 3*f + 2*f = -4*j + 1438, -3*j = -2*f + 589. Calculate the highest common divisor of 58 and f.
58
Let a(x) = -2*x - 9. Let q be a(-6). Suppose 2*r = 4*h - 24 - 8, 0 = -5*h + q*r + 38. Let m = -807 + 857. Calculate the greatest common divisor of m and h.
10
Suppose 4*h - 25 = -n, 0*n + 7 = -n + 4*h. Let c be ((-570)/n)/((-6)/9). Let i = 48 + -10. What is the highest common divisor of i and c?
19
Suppose -a - 4 = -3*a. Let w be (1 + 11)/(a/2). Calculate the highest common factor of 30 and w.
6
Suppose -o + 0 = 2*s - 10, 5*s = -3*o + 27. Suppose 1 - s = v, 228 = 5*w + v. Let h = w - 16. Calculate the greatest common factor of h and 6.
6
Let w = 948 - 923. What is the greatest common factor of 175 and w?
25
Let r = 6 - 8. Let n = r + 59. Suppose -n = 10*v - 13*v. What is the highest common factor of 95 and v?
19
Let b = 283 - 279. What is the greatest common factor of 32 and b?
4
Let p be (-60)/(-8)*48/(-9). Let l be p/(-10) + (-2 - -26). Suppose 6*q - l = 32. Calculate the greatest common divisor of 30 and q.
10
Let d = 652 + -127. Calculate the highest common factor of d and 5.
5
Suppose -20*m + 110 = -190. What is the highest common factor of 10 and m?
5
Let g be 0 + 8/(-20)*-5. Suppose -4 + g = -t. Suppose 0 = 2*u + m - 21, -t*m + 28 - 74 = -4*u. Calculate the highest common factor of 55 and u.
11
Let p be (50/(-5))/5 + -1. Let b be p*((-4)/(-3) - 3). Let o be (-1)/(b/15) - -95. What is the greatest common divisor of 23 and o?
23
Let g(c) = 4*c + 38. Let f be g(8). Calculate the highest common factor of f and 14.
14
Let i be (-1 - 0) + (-3 - -2). Let y be 100/(-30)*(i + -1). Let k = 29 - -51. Calculate the highest common factor of k and y.
10
Let t(m) = m**2 + 25*m - 16. Let z be t(4). Let k = 35 - 15. What is the greatest common factor of z and k?
20
Let h(q) = q**3 + q - 1. Let z(l) = 5*l**2 + 4*l - 8. Let b(u) = -h(u) + z(u). Let w be b(5). Calculate the greatest common divisor of 8 and w.
8
Let g = -7 + 1. Let w be g*(-1 + (-28)/12). Suppose -8*x + 21*x = 780. What is the highest common factor of w and x?
20
Let v = -94 - -96. Let l be (-1)/((8/588)/(v/(-3))). What is the highest common factor of l and 7?
7
Let s(m) = 9*m**2 + 14*m - 1. Let l be s(-2). What is the highest common divisor of 301 and l?
7
Suppose 4*l + 165 = 433. Calculate the greatest common factor of l and 67.
67
Suppose t = -t + 7*t. Suppose 4*d - 5*l = -t - 3, -2*d + 4*l = 6. What is the greatest common divisor of d and 48?
3
Let l be 4/(-6) + (-16)/(-6). Let w = -3697 + 3723. What is the greatest common factor of l and w?
2
Let k be 313/12 + 6/(-72). Let p = 0 + 1. Let f = 64 + p. What is the greatest common factor of k and f?
13
Suppose -2*l = -8*l + 60. Suppose s - 2*u + l = 3*u, s - 20 = -u. What is the greatest common divisor of s and 75?
15
Let l be (4 - 0) + 0/1. Let t(b) = b**2 + 3*b + 41. Let c be t(0). Suppose 5*g + 20 = 0, 7 - c = -5*k - l*g. What is the highest common divisor of k and 80?
10
Let z = 777 - 473. What is the highest common factor of z and 80?
16
Let m be -2*5/(-35) + 1536/14. Calculate the highest common factor of m and 22.
22
Let a be ((-2)/(-20)*10)/(3/27). Suppose 3 = 3*z, 57 = 2*w - z - 140. What is the greatest common factor of a and w?
9
Let a = 200 + 43. Let q = -163 + a. What is the highest common divisor of q and 200?
40
Let q(s) = 3*s**2 + 12*s + 23. Let f be q(-3). What is the highest common factor of 266 and f?
14
Let p = 76 + -71. Let m(r) = 2*r**2 + 12*r + 41. Let w be m(-7). Calculate the highest common divisor of w and p.
5
Suppose -r - 3*r + 4 = 0. Suppose -41*t = -225 - 226. What is the highest common factor of t and r?
1
Let b be 156 - ((-10)/(-2) + -9). Calculate the greatest common factor of b and 5.
5
Let d(i) = i**3 + 9*i**2 - 16*i - 11. Let t be d(-10). Calculate the greatest common factor of 2 and t.
1
Suppose 5*l + 2*w = -5 - 55, -4*w + 24 = -2*l. Let n be (2/(-6))/(2/l) - -20. What is the highest common factor of 176 and n?
22
Let j = -590 + 612. Suppose -4*m + 700 = m. Suppose 36 = -4*n + 4*h + 